-0*p + 5*p + 2*r, 0 = -2*r - 10. Let q be ((3 - 2)*-6)/(-2). Calculate the remainder when -52*q*(-4)/48 is divided by p.
5
Suppose -4*o = o - 170. Suppose 35 = 3*g - 5*q, 3*q = -0*g + 4*g - 54. Suppose d - j - 24 = 4*j, -5*j = g. Calculate the remainder when o is divided by d.
7
Let h be (98/(-8))/(2/8). Calculate the remainder when (-4970)/h - 3/7 is divided by 35.
31
Let s(z) = z**3 + 8*z**2 - 34*z - 122. Calculate the remainder when 629 is divided by s(-10).
17
Let d be ((-2)/(-4))/((-1)/30). Let a = -6 - d. Calculate the remainder when (-91)/(-6) + (-1)/6 is divided by a.
6
Suppose -6*b = 8*b - 1554. Let u = 123 - b. What is the remainder when u is divided by 8?
4
Let c = 107 + -81. Suppose -c - 62 = -4*z. What is the remainder when 40 is divided by z?
18
What is the remainder when -28 + 114 - (-1 - 3) is divided by 71?
19
Suppose 8 = 2*i + 18. What is the remainder when 32 is divided by 18/90 - 84/i?
15
Suppose 221 - 848 = 11*v. Let w = v + 84. Suppose 5*u + i - 392 = 0, -9 = -3*u + 3*i + 219. Calculate the remainder when u is divided by w.
24
Suppose -4*j = 25 - 233. Calculate the remainder when 83 is divided by j.
31
Suppose -4*v + 31 = 11. Suppose -107 = -v*z + 98. What is the remainder when z is divided by (-5)/(30/(-28))*3?
13
Let o(i) = i**2 - 17*i**3 - 8*i + 8*i + 5. What is the remainder when o(-2) is divided by 37?
34
Let t = -14 - 0. Let v = -6 - t. Calculate the remainder when 76 + (v - 4) + -2 is divided by 27.
24
Let m be 6 - (-3)/(6/(-4)). Let w(q) = 9*q**2 + 92*q + 42. What is the remainder when w(-10) is divided by (-1*m)/((-2)/3)?
4
Let a be 1104/136 - 6/51. Let k be 4/(-1) - (8 - a). What is the remainder when (46/k)/((-1)/2) is divided by 5?
3
Suppose -2*b + 2*a = 2*b - 238, 0 = 5*a - 5. Calculate the remainder when 103 is divided by b.
43
Let d be (12/18)/((-2)/(-288)). Suppose -3*a + 6 + d = 0. What is the remainder when a is divided by 9?
7
Suppose 28*y + 13 = 29*y. What is the remainder when y is divided by 2?
1
Suppose -l = l - 36. Suppose 18*r - 218 = -40 + 20. Calculate the remainder when l is divided by r.
7
Let y(w) = -6*w + 118. Suppose 0 = 2*x - 5*x + 183. What is the remainder when x is divided by y(17)?
13
Let n(s) = 86*s + 377. Suppose -c = 2*h - 47, -5*h + 3*c + 0*c = -101. Calculate the remainder when n(-4) is divided by h.
11
Suppose -4*f - 13 = -5*f. Let n be ((-386)/8)/(3/(-12)). Suppose -16 = -4*h, -5*t - h = -1 - n. Calculate the remainder when t is divided by f.
12
Let a = -169 - -119. Let l = a - -63. What is the remainder when 38 is divided by l?
12
Let x = -225 + 243. Calculate the remainder when 71 is divided by x.
17
Suppose 225 = n + 2*n + r, 3*r = 2*n - 139. Suppose -5*i + n = 2*x, -i - 41 = -3*i + 3*x. Calculate the remainder when 141 is divided by i.
13
Let m = 94 - 56. Let v = -13 + m. Calculate the remainder when v is divided by 10.
5
Suppose 4*k - 434 = 130. Let c = -161 - -185. What is the remainder when k is divided by c?
21
Suppose -2*n = 7*n - 5*n. Suppose q + 2*r - 39 = n, 2*r + 86 + 7 = 3*q. Calculate the remainder when q is divided by 9.
6
Suppose -5*f - 2 + 17 = 0. Let o = -8 - -12. Suppose -o = -3*r + 5. What is the remainder when f is divided by r?
0
Let y(g) = 5*g**2 - 6*g - 3. Suppose -2*n - 97 + 165 = 0. What is the remainder when y(-4) is divided by n?
33
Calculate the remainder when 73/7 - 11 - (-1058)/14 is divided by 35.
5
Calculate the remainder when 7 + 121*(-3 - -5) is divided by 84.
81
Let u(q) = -9*q - 8. What is the remainder when 98 is divided by u(-4)?
14
Let f = -218 + 245. What is the remainder when 57 is divided by f?
3
What is the remainder when 271 is divided by (-2)/3*(-2 - (2 + 134))?
87
Suppose -4*y = -18 + 6. Suppose 0 = y*u - 3 - 3. Suppose -3*p + 3*n + 79 + 8 = 0, -u = -n. Calculate the remainder when p is divided by 11.
9
Let h = 358 - 244. Calculate the remainder when 357 is divided by h.
15
Suppose -140 = -3*b - 2*b. Suppose 323 = -4*z + 3*m, -2*z - 236 = z + 4*m. Let a = -65 - z. Calculate the remainder when b is divided by a.
13
Suppose -o + 64 = 7*o. Suppose 0 = -k - k - 3*w + 82, o = 2*w. Calculate the remainder when 135 is divided by k.
30
Let m = -33 - -33. Suppose 0*k + k - 12 = m. What is the remainder when 21 is divided by k?
9
Let x(h) = 7*h**2 + 30*h - 15. Calculate the remainder when 26 is divided by x(-5).
6
Calculate the remainder when 68 is divided by (-122)/305 + (-366)/(-15) + -2.
2
Suppose -2*x - 2*l + 28 = 0, 2*x + l - 22 = 5*l. Suppose -2*f + 5 = -5. Suppose 0 = g - f - 3. What is the remainder when x is divided by g?
5
Let h(o) = o**3 - 13*o**2 + 14*o - 15. Calculate the remainder when 37 is divided by h(12).
1
Suppose 8*f + 3 = -13. What is the remainder when 34 is divided by 9/(-4)*16/f + 0?
16
Let b = -8 + 25. Let j = -201 - -283. Calculate the remainder when j is divided by b.
14
Let x(b) = b - 22. Let m be x(20). Calculate the remainder when ((-119)/m)/(2/4) is divided by 11.
9
Suppose 2*g + 1 = 9, 3*c - 53 = g. Calculate the remainder when 38 is divided by c.
0
Suppose -5*b + 4*r = -47, -16*b = -12*b + r - 25. What is the remainder when 31 is divided by b?
3
Suppose -17 = -4*o - t, 3*t = 4*o - o - 24. Suppose 0 = f - 2*x + 84, -3 + 4 = -x. Let s = 94 + f. What is the remainder when s is divided by o?
3
Let k = -484 - -549. What is the remainder when 93 is divided by k?
28
Suppose i + 22 = 3*i. What is the remainder when 99 is divided by 16 + 2 - (i - 13)?
19
Suppose 0 = v - 4*d - 130, -3*d + 127 = -v + 260. What is the remainder when 276 is divided by v?
134
Let q(y) = y**2 + 1. Let v(j) = 5*j**2 + 8*j + 4. Let n(a) = -6*q(a) + v(a). Let m = -20 + 27. What is the remainder when n(m) is divided by 3?
2
Let g(u) = -3*u**3 - 4*u**2 - 7*u - 3. What is the remainder when 37 is divided by g(-2)?
18
Suppose -t = -0*t - 17. Let c = -24 + 31. Calculate the remainder when t is divided by c.
3
Let p(c) = 2*c**3 - c**2 - 6*c + 12. Let u(b) = -18*b + 6. What is the remainder when u(-6) is divided by p(3)?
36
What is the remainder when 389 is divided by (-132)/(-14) + 1 - 116/(-203)?
4
Let m = 85 + -86. Let c = m + 26. Suppose 259 = 3*t + 43. Calculate the remainder when t is divided by c.
22
Suppose -3*v = -3*x, -2*x = -0*v + 2*v - 12. Suppose 2*f - 128 = -2*f - 4*l, -v*f = 4*l - 100. Calculate the remainder when f is divided by 10.
8
Suppose 2102 = 64*r - 2058. What is the remainder when r is divided by 23?
19
Suppose -2*c + 22 = -10. Let p(o) = 2*o**2 + 15*o + 13. Calculate the remainder when p(-10) is divided by c.
15
Let n = -65 + 214. Let j = n + -105. Calculate the remainder when j is divided by 12.
8
Suppose 0 = -8*y + 3*y. Suppose -4*s + 2*b - 48 + 178 = y, -50 = -2*s - 2*b. Suppose -11*j = -336 - 621. Calculate the remainder when j is divided by s.
27
Suppose 3*d + d = 4, -5*b - 7 = 3*d. Let z(o) = 9*o**2 + 4*o + 6. Calculate the remainder when z(b) is divided by 6.
4
What is the remainder when 222612/56 + 93/(-434) is divided by 18?
15
Suppose 4*d = 5*a - 57, -a - 28 = d - 5*a. Let l be ((-6)/8)/((-1)/d). Calculate the remainder when 56 is divided by (2 + 69/l)*-2.
18
Let o be (-39)/(-6)*(3 - -1). Suppose 5*b = 59 + o. Suppose m + 0 = 2*r - 1, -3*m + 30 = 5*r. What is the remainder when b is divided by m?
2
Suppose 4*q + 2*j - 642 = -98, -2*q + 280 = 3*j. Let z = 194 - q. What is the remainder when z is divided by 21?
18
Let b = -15 - -199. Let h(f) = -11*f**2 + f. Let o be h(-1). What is the remainder when (6/o)/((-2)/b) is divided by 16?
14
Calculate the remainder when 249 is divided by -50*(-2)/(-24)*-6.
24
Suppose 4*b + 4*h - 28 = 0, -4*b - 2*h - 7 = -39. What is the remainder when 26 is divided by b?
8
Calculate the remainder when (-20)/(-10) + 4 - -125 is divided by 33.
32
Suppose 3 = -3*n + g + 16, -4*g = -3*n - 2. Let z = 7 + -4. Calculate the remainder when z - -19 - (0 + 0) is divided by n.
4
What is the remainder when 96 is divided by 11 + 21 - (6 + -1)?
15
Suppose 75*k = 71*k + 328. Let l = k - 70. Let c = -12 + 33. What is the remainder when c is divided by l?
9
Let f = 19 + -1. Calculate the remainder when 195 is divided by f.
15
Suppose -5*j - 2*f - 47 = 28, -2*f + 3 = -j. Let z(m) = m**2 + 12*m + 13. Suppose 18 = 4*w - 10. Calculate the remainder when z(j) is divided by w.
5
Let b = 187 + -170. Let u(d) 